{"id":73,"date":"2023-11-05T19:44:28","date_gmt":"2023-11-05T19:44:28","guid":{"rendered":"https:\/\/grants.ulbsibiu.ro\/tradespace\/?page_id=73"},"modified":"2023-12-02T17:58:31","modified_gmt":"2023-12-02T17:58:31","slug":"delia-cupurdija","status":"publish","type":"page","link":"https:\/\/grants.ulbsibiu.ro\/tradespace\/equipe-du-projet\/delia-cupurdija\/","title":{"rendered":"Delia \u0106UPURDIJA\u00a0"},"content":{"rendered":"\n<div class=\"wp-block-group has-global-padding is-layout-constrained wp-block-group-is-layout-constrained\">\n<figure class=\"wp-block-image alignleft size-full is-resized\"><img decoding=\"async\" loading=\"lazy\" width=\"471\" height=\"555\" src=\"https:\/\/grants.ulbsibiu.ro\/tradespace\/wp-content\/uploads\/Fotografija.jpg\" alt=\"\" class=\"wp-image-102\" style=\"aspect-ratio:0.8486486486486486;width:204px;height:auto\" srcset=\"https:\/\/grants.ulbsibiu.ro\/tradespace\/wp-content\/uploads\/Fotografija.jpg 471w, https:\/\/grants.ulbsibiu.ro\/tradespace\/wp-content\/uploads\/Fotografija-255x300.jpg 255w\" sizes=\"(max-width: 471px) 100vw, 471px\" \/><\/figure>\n<\/div>\n\n\n\n<p>Universit\u00e9 de Zagreb<\/p>\n\n\n\n<p>E-mail: dsarafie@ffzg.hr<\/p>\n\n\n\n<p>Dipl\u00f4m\u00e9e de l\u2019\u00c9cole\u00a0sup\u00e9rieure d&#8217;interpr\u00e8tes et\u00a0<em>de<\/em>\u00a0traducteurs &#8211;\u00a0Universit\u00e9 Sorbonne Nouvelle &#8211;\u00a0Paris 3, Delia Georgeta \u0106upurdija travaille en tant que lectrice depuis 2009 \u00e0\u00a0la Chaire de\u00a0langue et litt\u00e9rature roumaines\u00a0de la\u00a0Facult\u00e9 de Philosophie et Lettres\u00a0de Zagreb ou elle\u00a0dispense de\u00a0<strong>cours\u00a0<\/strong>divers \u00e0 des\u00a0<strong>\u00e9tudiants\u00a0<\/strong>de<strong>licence et master.\u00a0<\/strong>Elle participe r\u00e9guli\u00e8rement \u00e0 des conf\u00e9rences en Croatie et \u00e0 l\u2019\u00e9tranger.Elle remplir\u00a0avec succ\u00e8s sa mission de\u00a0<strong>recherche appliqu\u00e9e<\/strong>\u00a0qui prend de multiples formes\u00a0:\u00a0<strong>publication d\u2019articles<\/strong>\u00a0et d\u2019ouvrages, \u00e9laboration de\u00a0<strong>programmes pour la Chaire\u00a0<\/strong>langue et litt\u00e9rature roumaines et d\u2019autres activit\u00e9s. Ses domaines d&#8217;int\u00e9r\u00eat sont la linguistique compar\u00e9e, la didactique et la traductologie. Elle a traduit quelques livres du croate vers le roumain et elle fait partie du\u00a0<em>comit\u00e9<\/em>\u00a0de r\u00e9daction de la revue culturelle bilingue roumain-croate Verso<\/p>\n","protected":false},"excerpt":{"rendered":"<p>Universit\u00e9 de Zagreb E-mail: dsarafie@ffzg.hr Dipl\u00f4m\u00e9e de l\u2019\u00c9cole\u00a0sup\u00e9rieure d&#8217;interpr\u00e8tes et\u00a0de\u00a0traducteurs &#8211;\u00a0Universit\u00e9 Sorbonne Nouvelle &#8211;\u00a0Paris 3, Delia Georgeta \u0106upurdija travaille en tant que lectrice depuis 2009 \u00e0\u00a0la Chaire de\u00a0langue et litt\u00e9rature roumaines\u00a0de la\u00a0Facult\u00e9 de Philosophie et Lettres\u00a0de Zagreb ou elle\u00a0dispense de\u00a0cours\u00a0divers \u00e0 des\u00a0\u00e9tudiants\u00a0delicence et master.\u00a0Elle participe r\u00e9guli\u00e8rement \u00e0 des conf\u00e9rences en Croatie et \u00e0 l\u2019\u00e9tranger.Elle remplir\u00a0avec [&hellip;]<\/p>\n","protected":false},"author":1,"featured_media":0,"parent":11,"menu_order":4,"comment_status":"closed","ping_status":"closed","template":"","meta":{"footnotes":""},"_links":{"self":[{"href":"https:\/\/grants.ulbsibiu.ro\/tradespace\/wp-json\/wp\/v2\/pages\/73"}],"collection":[{"href":"https:\/\/grants.ulbsibiu.ro\/tradespace\/wp-json\/wp\/v2\/pages"}],"about":[{"href":"https:\/\/grants.ulbsibiu.ro\/tradespace\/wp-json\/wp\/v2\/types\/page"}],"author":[{"embeddable":true,"href":"https:\/\/grants.ulbsibiu.ro\/tradespace\/wp-json\/wp\/v2\/users\/1"}],"replies":[{"embeddable":true,"href":"https:\/\/grants.ulbsibiu.ro\/tradespace\/wp-json\/wp\/v2\/comments?post=73"}],"version-history":[{"count":5,"href":"https:\/\/grants.ulbsibiu.ro\/tradespace\/wp-json\/wp\/v2\/pages\/73\/revisions"}],"predecessor-version":[{"id":170,"href":"https:\/\/grants.ulbsibiu.ro\/tradespace\/wp-json\/wp\/v2\/pages\/73\/revisions\/170"}],"up":[{"embeddable":true,"href":"https:\/\/grants.ulbsibiu.ro\/tradespace\/wp-json\/wp\/v2\/pages\/11"}],"wp:attachment":[{"href":"https:\/\/grants.ulbsibiu.ro\/tradespace\/wp-json\/wp\/v2\/media?parent=73"}],"curies":[{"name":"wp","href":"https:\/\/api.w.org\/{rel}","templated":true}]}}