{"id":358,"date":"2024-03-20T19:11:51","date_gmt":"2024-03-20T19:11:51","guid":{"rendered":"https:\/\/grants.ulbsibiu.ro\/tradespace\/?page_id=358"},"modified":"2024-03-28T07:14:50","modified_gmt":"2024-03-28T07:14:50","slug":"atelier-iv","status":"publish","type":"page","link":"https:\/\/grants.ulbsibiu.ro\/tradespace\/ateliers-et-reunions-2\/atelier-iv\/","title":{"rendered":"ATELIER IV"},"content":{"rendered":"\n<p>29 MARS 2024<\/p>\n\n\n\n<p>Les \u00e9tudiants de Sibiu discute sur l&#8217;espace et son reflet litt\u00e9raire dans la litt\u00e9rature roumaine et slov\u00e8ne. On retrouve les espaces fran\u00e7aises comme cadre narratifs pour les deux litt\u00e9ratures. <\/p>\n\n\n\n<figure class=\"wp-block-image size-large\"><img decoding=\"async\" loading=\"lazy\" width=\"724\" height=\"1024\" src=\"https:\/\/grants.ulbsibiu.ro\/tradespace\/wp-content\/uploads\/Dialoguri-intre-literaturi-spatii-slovene-si-romanesti-724x1024.png\" alt=\"\" class=\"wp-image-359\" srcset=\"https:\/\/grants.ulbsibiu.ro\/tradespace\/wp-content\/uploads\/Dialoguri-intre-literaturi-spatii-slovene-si-romanesti-724x1024.png 724w, https:\/\/grants.ulbsibiu.ro\/tradespace\/wp-content\/uploads\/Dialoguri-intre-literaturi-spatii-slovene-si-romanesti-212x300.png 212w, https:\/\/grants.ulbsibiu.ro\/tradespace\/wp-content\/uploads\/Dialoguri-intre-literaturi-spatii-slovene-si-romanesti-768x1086.png 768w, https:\/\/grants.ulbsibiu.ro\/tradespace\/wp-content\/uploads\/Dialoguri-intre-literaturi-spatii-slovene-si-romanesti-1086x1536.png 1086w, https:\/\/grants.ulbsibiu.ro\/tradespace\/wp-content\/uploads\/Dialoguri-intre-literaturi-spatii-slovene-si-romanesti-1448x2048.png 1448w, https:\/\/grants.ulbsibiu.ro\/tradespace\/wp-content\/uploads\/Dialoguri-intre-literaturi-spatii-slovene-si-romanesti.png 1587w\" sizes=\"(max-width: 724px) 100vw, 724px\" \/><\/figure>\n","protected":false},"excerpt":{"rendered":"<p>29 MARS 2024 Les \u00e9tudiants de Sibiu discute sur l&#8217;espace et son reflet litt\u00e9raire dans la litt\u00e9rature roumaine et slov\u00e8ne. On retrouve les espaces fran\u00e7aises comme cadre narratifs pour les deux litt\u00e9ratures.<\/p>\n","protected":false},"author":1,"featured_media":0,"parent":331,"menu_order":4,"comment_status":"closed","ping_status":"closed","template":"","meta":{"footnotes":""},"_links":{"self":[{"href":"https:\/\/grants.ulbsibiu.ro\/tradespace\/wp-json\/wp\/v2\/pages\/358"}],"collection":[{"href":"https:\/\/grants.ulbsibiu.ro\/tradespace\/wp-json\/wp\/v2\/pages"}],"about":[{"href":"https:\/\/grants.ulbsibiu.ro\/tradespace\/wp-json\/wp\/v2\/types\/page"}],"author":[{"embeddable":true,"href":"https:\/\/grants.ulbsibiu.ro\/tradespace\/wp-json\/wp\/v2\/users\/1"}],"replies":[{"embeddable":true,"href":"https:\/\/grants.ulbsibiu.ro\/tradespace\/wp-json\/wp\/v2\/comments?post=358"}],"version-history":[{"count":3,"href":"https:\/\/grants.ulbsibiu.ro\/tradespace\/wp-json\/wp\/v2\/pages\/358\/revisions"}],"predecessor-version":[{"id":369,"href":"https:\/\/grants.ulbsibiu.ro\/tradespace\/wp-json\/wp\/v2\/pages\/358\/revisions\/369"}],"up":[{"embeddable":true,"href":"https:\/\/grants.ulbsibiu.ro\/tradespace\/wp-json\/wp\/v2\/pages\/331"}],"wp:attachment":[{"href":"https:\/\/grants.ulbsibiu.ro\/tradespace\/wp-json\/wp\/v2\/media?parent=358"}],"curies":[{"name":"wp","href":"https:\/\/api.w.org\/{rel}","templated":true}]}}

<p>29 MARS 2024</p>



<p>Les étudiants de Sibiu discute sur l&#8217;espace et son reflet littéraire dans la littérature roumaine et slovène. On retrouve les espaces françaises comme cadre narratifs pour les deux littératures. </p>



<figure class="wp-block-image size-large"><img decoding="async" loading="lazy" width="724" height="1024" src="https://grants.ulbsibiu.ro/tradespace/wp-content/uploads/Dialoguri-intre-literaturi-spatii-slovene-si-romanesti-724x1024.png" alt="" class="wp-image-359" srcset="https://grants.ulbsibiu.ro/tradespace/wp-content/uploads/Dialoguri-intre-literaturi-spatii-slovene-si-romanesti-724x1024.png 724w, https://grants.ulbsibiu.ro/tradespace/wp-content/uploads/Dialoguri-intre-literaturi-spatii-slovene-si-romanesti-212x300.png 212w, https://grants.ulbsibiu.ro/tradespace/wp-content/uploads/Dialoguri-intre-literaturi-spatii-slovene-si-romanesti-768x1086.png 768w, https://grants.ulbsibiu.ro/tradespace/wp-content/uploads/Dialoguri-intre-literaturi-spatii-slovene-si-romanesti-1086x1536.png 1086w, https://grants.ulbsibiu.ro/tradespace/wp-content/uploads/Dialoguri-intre-literaturi-spatii-slovene-si-romanesti-1448x2048.png 1448w, https://grants.ulbsibiu.ro/tradespace/wp-content/uploads/Dialoguri-intre-literaturi-spatii-slovene-si-romanesti.png 1587w" sizes="(max-width: 724px) 100vw, 724px" /></figure>

<p>29 MARS 2024 Les étudiants de Sibiu discute sur l&#8217;espace et son reflet littéraire dans la littérature roumaine et slovène. On retrouve les espaces françaises comme cadre narratifs pour les deux littératures.</p>
