{"id":13,"date":"2023-11-05T17:52:06","date_gmt":"2023-11-05T17:52:06","guid":{"rendered":"https:\/\/grants.ulbsibiu.ro\/tradespace\/?page_id=13"},"modified":"2024-03-20T19:14:06","modified_gmt":"2024-03-20T19:14:06","slug":"ateliers-et-reunions","status":"publish","type":"page","link":"https:\/\/grants.ulbsibiu.ro\/tradespace\/ateliers-et-reunions-2\/ateliers-et-reunions\/","title":{"rendered":"R\u00c9UNION TECHNIQUE &#8211; DEBUT DU PROJET"},"content":{"rendered":"\n<p><\/p>\n\n\n\n<p>La premi\u00e8re r\u00e9union technique a eu lieu le 2 Novembre, en syst\u00e8me hybride, avec les chercheuses de l&#8217;<strong>Universit\u00e9 Lucian Blaga de Sibiu<\/strong> et de l&#8217;<strong>Universit\u00e9 de Zagreb.<\/strong> La repr\u00e9sentante d&#8217;AUF et les \u00e9tudiants ont \u00e9t\u00e9 pr\u00e9sents aussi.<\/p>\n\n\n\n<figure class=\"wp-block-image is-resized\"><img decoding=\"async\" loading=\"lazy\" width=\"1231\" height=\"770\" src=\"https:\/\/grants.ulbsibiu.ro\/tradespace\/wp-content\/uploads\/PHOTO-2023-11-02-19-48-41.jpg\" alt=\"\" class=\"wp-image-18\" style=\"aspect-ratio:1.5987012987012987;width:650px;height:auto\" srcset=\"https:\/\/grants.ulbsibiu.ro\/tradespace\/wp-content\/uploads\/PHOTO-2023-11-02-19-48-41.jpg 1231w, https:\/\/grants.ulbsibiu.ro\/tradespace\/wp-content\/uploads\/PHOTO-2023-11-02-19-48-41-300x188.jpg 300w, https:\/\/grants.ulbsibiu.ro\/tradespace\/wp-content\/uploads\/PHOTO-2023-11-02-19-48-41-1024x641.jpg 1024w, https:\/\/grants.ulbsibiu.ro\/tradespace\/wp-content\/uploads\/PHOTO-2023-11-02-19-48-41-768x480.jpg 768w\" sizes=\"(max-width: 1231px) 100vw, 1231px\" \/><\/figure>\n\n\n\n<figure class=\"wp-block-image\"><img decoding=\"async\" loading=\"lazy\" width=\"1463\" height=\"640\" src=\"https:\/\/grants.ulbsibiu.ro\/tradespace\/wp-content\/uploads\/398680930_7401388316556244_1143409204890883399_n.jpg\" alt=\"\" class=\"wp-image-19\" srcset=\"https:\/\/grants.ulbsibiu.ro\/tradespace\/wp-content\/uploads\/398680930_7401388316556244_1143409204890883399_n.jpg 1463w, https:\/\/grants.ulbsibiu.ro\/tradespace\/wp-content\/uploads\/398680930_7401388316556244_1143409204890883399_n-300x131.jpg 300w, https:\/\/grants.ulbsibiu.ro\/tradespace\/wp-content\/uploads\/398680930_7401388316556244_1143409204890883399_n-1024x448.jpg 1024w, https:\/\/grants.ulbsibiu.ro\/tradespace\/wp-content\/uploads\/398680930_7401388316556244_1143409204890883399_n-768x336.jpg 768w\" sizes=\"(max-width: 1463px) 100vw, 1463px\" \/><\/figure>\n\n\n\n<p><\/p>\n\n\n\n<figure class=\"wp-block-image size-large\"><img decoding=\"async\" loading=\"lazy\" width=\"1024\" height=\"641\" src=\"https:\/\/grants.ulbsibiu.ro\/tradespace\/wp-content\/uploads\/Captura-de-ecran-din-2023-11-02-la-12.41.01-1024x641.png\" alt=\"\" class=\"wp-image-20\" srcset=\"https:\/\/grants.ulbsibiu.ro\/tradespace\/wp-content\/uploads\/Captura-de-ecran-din-2023-11-02-la-12.41.01-1024x641.png 1024w, https:\/\/grants.ulbsibiu.ro\/tradespace\/wp-content\/uploads\/Captura-de-ecran-din-2023-11-02-la-12.41.01-300x188.png 300w, https:\/\/grants.ulbsibiu.ro\/tradespace\/wp-content\/uploads\/Captura-de-ecran-din-2023-11-02-la-12.41.01-768x480.png 768w, https:\/\/grants.ulbsibiu.ro\/tradespace\/wp-content\/uploads\/Captura-de-ecran-din-2023-11-02-la-12.41.01.png 1231w\" sizes=\"(max-width: 1024px) 100vw, 1024px\" \/><\/figure>\n\n\n\n<figure class=\"wp-block-image size-large\"><img decoding=\"async\" loading=\"lazy\" width=\"1024\" height=\"641\" src=\"https:\/\/grants.ulbsibiu.ro\/tradespace\/wp-content\/uploads\/Captura-de-ecran-din-2023-11-02-la-12.40.27-1024x641.png\" alt=\"\" class=\"wp-image-21\" srcset=\"https:\/\/grants.ulbsibiu.ro\/tradespace\/wp-content\/uploads\/Captura-de-ecran-din-2023-11-02-la-12.40.27-1024x641.png 1024w, https:\/\/grants.ulbsibiu.ro\/tradespace\/wp-content\/uploads\/Captura-de-ecran-din-2023-11-02-la-12.40.27-300x188.png 300w, https:\/\/grants.ulbsibiu.ro\/tradespace\/wp-content\/uploads\/Captura-de-ecran-din-2023-11-02-la-12.40.27-768x480.png 768w, https:\/\/grants.ulbsibiu.ro\/tradespace\/wp-content\/uploads\/Captura-de-ecran-din-2023-11-02-la-12.40.27.png 1231w\" sizes=\"(max-width: 1024px) 100vw, 1024px\" \/><\/figure>\n\n\n\n<figure class=\"wp-block-image size-large\"><img decoding=\"async\" loading=\"lazy\" width=\"1024\" height=\"641\" src=\"https:\/\/grants.ulbsibiu.ro\/tradespace\/wp-content\/uploads\/Captura-de-ecran-din-2023-11-02-la-12.40.43-1024x641.png\" alt=\"\" class=\"wp-image-22\" srcset=\"https:\/\/grants.ulbsibiu.ro\/tradespace\/wp-content\/uploads\/Captura-de-ecran-din-2023-11-02-la-12.40.43-1024x641.png 1024w, https:\/\/grants.ulbsibiu.ro\/tradespace\/wp-content\/uploads\/Captura-de-ecran-din-2023-11-02-la-12.40.43-300x188.png 300w, https:\/\/grants.ulbsibiu.ro\/tradespace\/wp-content\/uploads\/Captura-de-ecran-din-2023-11-02-la-12.40.43-768x480.png 768w, https:\/\/grants.ulbsibiu.ro\/tradespace\/wp-content\/uploads\/Captura-de-ecran-din-2023-11-02-la-12.40.43.png 1231w\" sizes=\"(max-width: 1024px) 100vw, 1024px\" \/><\/figure>\n","protected":false},"excerpt":{"rendered":"<p>La premi\u00e8re r\u00e9union technique a eu lieu le 2 Novembre, en syst\u00e8me hybride, avec les chercheuses de l&#8217;Universit\u00e9 Lucian Blaga de Sibiu et de l&#8217;Universit\u00e9 de Zagreb. La repr\u00e9sentante d&#8217;AUF et les \u00e9tudiants ont \u00e9t\u00e9 pr\u00e9sents aussi.<\/p>\n","protected":false},"author":1,"featured_media":0,"parent":331,"menu_order":1,"comment_status":"closed","ping_status":"closed","template":"","meta":{"footnotes":""},"_links":{"self":[{"href":"https:\/\/grants.ulbsibiu.ro\/tradespace\/wp-json\/wp\/v2\/pages\/13"}],"collection":[{"href":"https:\/\/grants.ulbsibiu.ro\/tradespace\/wp-json\/wp\/v2\/pages"}],"about":[{"href":"https:\/\/grants.ulbsibiu.ro\/tradespace\/wp-json\/wp\/v2\/types\/page"}],"author":[{"embeddable":true,"href":"https:\/\/grants.ulbsibiu.ro\/tradespace\/wp-json\/wp\/v2\/users\/1"}],"replies":[{"embeddable":true,"href":"https:\/\/grants.ulbsibiu.ro\/tradespace\/wp-json\/wp\/v2\/comments?post=13"}],"version-history":[{"count":16,"href":"https:\/\/grants.ulbsibiu.ro\/tradespace\/wp-json\/wp\/v2\/pages\/13\/revisions"}],"predecessor-version":[{"id":340,"href":"https:\/\/grants.ulbsibiu.ro\/tradespace\/wp-json\/wp\/v2\/pages\/13\/revisions\/340"}],"up":[{"embeddable":true,"href":"https:\/\/grants.ulbsibiu.ro\/tradespace\/wp-json\/wp\/v2\/pages\/331"}],"wp:attachment":[{"href":"https:\/\/grants.ulbsibiu.ro\/tradespace\/wp-json\/wp\/v2\/media?parent=13"}],"curies":[{"name":"wp","href":"https:\/\/api.w.org\/{rel}","templated":true}]}}