{"id":110,"date":"2025-08-19T18:01:35","date_gmt":"2025-08-19T16:01:35","guid":{"rendered":"https:\/\/grants.ulbsibiu.ro\/leadtheteam\/?page_id=110"},"modified":"2025-11-25T18:27:51","modified_gmt":"2025-11-25T16:27:51","slug":"activitati","status":"publish","type":"page","link":"https:\/\/grants.ulbsibiu.ro\/leadtheteam\/activitati\/","title":{"rendered":"Activit\u0103\u021bi"},"content":{"rendered":"\n<div class=\"wp-block-group alignfull has-surface-background-color has-background has-global-padding is-layout-constrained wp-container-core-group-is-layout-9e43df4e wp-block-group-is-layout-constrained\" style=\"margin-top:0;margin-bottom:0;padding-top:var(--wp--preset--spacing--medium);padding-right:var(--wp--preset--spacing--x-small);padding-bottom:var(--wp--preset--spacing--medium);padding-left:var(--wp--preset--spacing--x-small)\">\n<h2 class=\"wp-block-heading has-text-align-left animated animated-fadeInUp\" style=\"letter-spacing:-0.03em;line-height:1.1\">Calendarul activit\u0103\u021bilor proiectului<\/h2>\n\n\n\n<p class=\"has-text-align-left animated animated-fadeInUp\" style=\"padding-bottom:var(--wp--preset--spacing--x-small)\">Metodologia programelor de formare din cadrul proiectului va fi actualizat\u0103 \u00een perioada de implementare a proiectului, conform cu contextul \u0219i situa\u021bia actualizat\u0103 de la acel moment.<\/p>\n\n\n\n<div class=\"wp-block-columns are-vertically-aligned-top is-layout-flex wp-container-core-columns-is-layout-d7d455e7 wp-block-columns-is-layout-flex\" style=\"padding-top:0;padding-right:0;padding-bottom:0;padding-left:0\">\n<div class=\"wp-block-column is-vertically-aligned-top is-layout-flow wp-block-column-is-layout-flow\" style=\"padding-top:0;padding-right:0;padding-bottom:0;padding-left:0;flex-basis:100%\">\n<div class=\"wp-block-columns are-vertically-aligned-top animated animated-fadeInUp is-layout-flex wp-container-core-columns-is-layout-1cde7d8a wp-block-columns-is-layout-flex\" style=\"padding-top:0;padding-right:0;padding-bottom:0;padding-left:0\">\n<div class=\"wp-block-column is-vertically-aligned-top is-layout-flow wp-container-core-column-is-layout-a77db08e wp-block-column-is-layout-flow\">\n<div class=\"wp-block-columns has-background-background-color has-background is-layout-flex wp-container-core-columns-is-layout-38168066 wp-block-columns-is-layout-flex\" style=\"border-radius:5px;padding-top:var(--wp--preset--spacing--large);padding-right:var(--wp--preset--spacing--large);padding-bottom:var(--wp--preset--spacing--large);padding-left:var(--wp--preset--spacing--large)\">\n<div class=\"wp-block-column is-layout-flow wp-container-core-column-is-layout-29333b1a wp-block-column-is-layout-flow\">\n<p class=\"has-medium-font-size\" style=\"padding-top:var(--wp--preset--spacing--xx-small);padding-bottom:var(--wp--preset--spacing--xx-small)\"><strong>A1: Aprilie \u2013 Mai 2025<\/strong><\/p>\n\n\n\n<p class=\"has-medium-font-size\" style=\"padding-top:var(--wp--preset--spacing--xx-small);padding-bottom:var(--wp--preset--spacing--xx-small);padding-left:var(--wp--preset--spacing--medium)\">Evaluare nivel ini\u021bial competen\u021be de leadership \u0219i management (Responsabili formare, Exper\u021bi prelucr\u0103ri statistice)<\/p>\n\n\n\n<p class=\"has-medium-font-size\" style=\"padding-top:var(--wp--preset--spacing--xx-small);padding-bottom:var(--wp--preset--spacing--xx-small)\"><strong>A2: Aprilie \u2013 August 2025<\/strong><\/p>\n\n\n\n<p class=\"has-medium-font-size\" style=\"padding-top:var(--wp--preset--spacing--xx-small);padding-bottom:var(--wp--preset--spacing--xx-small);padding-left:var(--wp--preset--spacing--medium)\">Elaborarea \u0219i acreditarea celor dou\u0103 programe de dezvoltare continu\u0103 \u00een acord cu categoria \u0219i cu nivelul de competen\u021b\u0103 al grupului \u021bint\u0103 vizat (Responsabili formare, Formatori)<\/p>\n\n\n\n<p class=\"has-medium-font-size\" style=\"padding-top:var(--wp--preset--spacing--xx-small);padding-bottom:var(--wp--preset--spacing--xx-small)\"><strong>A3: Mai 2025 \u2013 Iunie 2026<\/strong><\/p>\n\n\n\n<p class=\"has-medium-font-size\" style=\"padding-top:var(--wp--preset--spacing--xx-small);padding-bottom:var(--wp--preset--spacing--xx-small);padding-left:var(--wp--preset--spacing--medium)\">Preg\u0103tirea \u0219i actualizarea materialelor necesare pentru desf\u0103\u0219urarea activit\u0103\u021bilor fa\u021b\u0103 \u00een fa\u021b\u0103 \u0219i online asincron (Responsabili formare, Formatori)<\/p>\n\n\n\n<p class=\"has-medium-font-size\" style=\"padding-top:var(--wp--preset--spacing--xx-small);padding-bottom:var(--wp--preset--spacing--xx-small)\"><strong>A4: Octombrie 2025 \u2013 Iulie 2026<\/strong><\/p>\n\n\n\n<p class=\"has-medium-font-size\" style=\"padding-top:var(--wp--preset--spacing--xx-small);padding-bottom:var(--wp--preset--spacing--xx-small);padding-left:var(--wp--preset--spacing--medium)\">Desf\u0103\u0219urarea programelor de formare (Formatori, Responsabili formare, Exper\u021bi GT)<\/p>\n\n\n\n<ul style=\"padding-top:var(--wp--preset--spacing--xx-small);padding-bottom:var(--wp--preset--spacing--xx-small);padding-left:var(--wp--preset--spacing--large)\" class=\"wp-block-list has-medium-font-size\">\n<li><strong>S1<\/strong> (<strong>Octombrie \u2013 Noiembrie 2025<\/strong> cu evaluare final\u0103 \u00een <strong>Decembrie 2025<\/strong>)<\/li>\n\n\n\n<li><strong>S2<\/strong> (<strong>Ianuarie \u2013 Februarie 2026<\/strong> cu evaluare final\u0103 \u00een <strong>Martie 2026<\/strong>)<\/li>\n\n\n\n<li><strong>S3<\/strong> (<strong>Martie \u2013 Aprilie 2026<\/strong> cu evaluare final\u0103 \u00een <strong>Mai 2026<\/strong>);<\/li>\n\n\n\n<li><strong>S4<\/strong> (<strong>Mai &#8211; Iunie 2026<\/strong> cu evaluare final\u0103 \u00een <strong>Iulie 2026<\/strong>);<\/li>\n<\/ul>\n\n\n\n<p class=\"has-medium-font-size\" style=\"padding-top:var(--wp--preset--spacing--xx-small);padding-bottom:var(--wp--preset--spacing--xx-small)\"><strong>A5: Mai 2025 \u2013 Aprilie 2026<\/strong><\/p>\n\n\n\n<p class=\"has-medium-font-size\" style=\"padding-top:var(--wp--preset--spacing--xx-small);padding-bottom:var(--wp--preset--spacing--xx-small);padding-left:var(--wp--preset--spacing--medium)\">Selectare \u0219i recrutare GT (Exper\u021bi GT, Responsabili formare)<\/p>\n\n\n\n<p class=\"has-medium-font-size\" style=\"padding-top:var(--wp--preset--spacing--xx-small);padding-bottom:var(--wp--preset--spacing--xx-small)\"><strong>A6: Mai 2025 \u2013 August 2026<\/strong><\/p>\n\n\n\n<p class=\"has-medium-font-size\" style=\"padding-top:var(--wp--preset--spacing--xx-small);padding-bottom:var(--wp--preset--spacing--xx-small);padding-left:var(--wp--preset--spacing--medium)\">Prelucrare date GT, eliberare certificate formare (Exper\u021bi GT, Responsabili formare)<\/p>\n\n\n\n<p class=\"has-medium-font-size\" style=\"padding-top:var(--wp--preset--spacing--xx-small);padding-bottom:var(--wp--preset--spacing--xx-small)\"><strong>A7: Aprilie 2025 \u2013 August 2026<\/strong><\/p>\n\n\n\n<p class=\"has-medium-font-size\" style=\"padding-top:var(--wp--preset--spacing--xx-small);padding-bottom:var(--wp--preset--spacing--xx-small);padding-left:var(--wp--preset--spacing--medium)\">Suport tehnic \u00een realizarea paginii web a proiectului \u0219i \u00een implementarea activit\u0103\u021bilor de formare (Exper\u021bi IT)<\/p>\n\n\n\n<p class=\"has-medium-font-size\" style=\"padding-top:var(--wp--preset--spacing--xx-small);padding-bottom:var(--wp--preset--spacing--xx-small)\"><strong>A8: Iunie 2025 \u2013 Martie 2026<\/strong><\/p>\n\n\n\n<p class=\"has-medium-font-size\" style=\"padding-top:var(--wp--preset--spacing--xx-small);padding-bottom:var(--wp--preset--spacing--xx-small);padding-left:var(--wp--preset--spacing--medium)\">Organizarea si desfasurarea unei conferinte internationale (sesiuni de formare, mese rotunde, ateliere de lucru) (Responsabili formare, Formatori)<\/p>\n<\/div>\n<\/div>\n<\/div>\n<\/div>\n<\/div>\n<\/div>\n\n\n\n<p>Durata propusa pentru implementarea Proiectului este de 17 luni pana la data de 31.08.2026 (pentru indeplinirea tintei 507), cu posibilitate de prelungire conform prevederilor legale.<\/p>\n<\/div>\n\n\n\n<div class=\"wp-block-group animated animated-fadeInUp has-global-padding is-layout-constrained wp-block-group-is-layout-constrained\">\n<h5 class=\"wp-block-heading has-text-align-center\" style=\"letter-spacing:-0.04em;line-height:1.1\">Parteneri<\/h5>\n\n\n\n<div class=\"wp-block-group is-style-default is-content-justification-center is-nowrap is-layout-flex wp-container-core-group-is-layout-b1fbc409 wp-block-group-is-layout-flex\" style=\"padding-top:var(--wp--preset--spacing--small);padding-bottom:var(--wp--preset--spacing--small)\">\n<figure class=\"wp-block-image size-full is-resized\"><a href=\"https:\/\/www.ulbsibiu.ro\" target=\"_blank\" rel=\" noreferrer noopener\"><img loading=\"lazy\" decoding=\"async\" width=\"1182\" height=\"353\" src=\"https:\/\/grants.ulbsibiu.ro\/leadtheteam\/wp-content\/uploads\/2025\/08\/logo_ulbs.png\" alt=\"\" class=\"wp-image-27\" style=\"width:auto;height:50px\"\/><\/a><\/figure>\n\n\n\n<figure class=\"wp-block-image size-full is-resized\"><img decoding=\"async\" src=\"https:\/\/grants.ulbsibiu.ro\/leadtheteam\/wp-content\/uploads\/2025\/08\/ccd_bn.png\" alt=\"\" class=\"wp-image-201\" style=\"width:auto;height:50px\"\/><\/figure>\n\n\n\n<figure class=\"wp-block-image size-full is-resized\"><img loading=\"lazy\" decoding=\"async\" width=\"359\" height=\"70\" src=\"https:\/\/grants.ulbsibiu.ro\/leadtheteam\/wp-content\/uploads\/2025\/08\/ccd_braila.jpg\" alt=\"\" class=\"wp-image-203\" style=\"width:auto;height:50px\"\/><\/figure>\n<\/div>\n<\/div>\n","protected":false},"excerpt":{"rendered":"<p>Calendarul activit\u0103\u021bilor proiectului Metodologia programelor de formare din cadrul proiectului va fi actualizat\u0103 \u00een perioada de implementare a proiectului, conform cu contextul \u0219i situa\u021bia actualizat\u0103 de la acel moment. A1: Aprilie \u2013 Mai 2025 Evaluare nivel ini\u021bial competen\u021be de leadership \u0219i management (Responsabili formare, Exper\u021bi prelucr\u0103ri statistice) A2: Aprilie \u2013 August 2025 Elaborarea \u0219i acreditarea [&hellip;]<\/p>\n","protected":false},"author":1,"featured_media":0,"parent":0,"menu_order":0,"comment_status":"closed","ping_status":"closed","template":"page-no-gap","meta":{"inline_featured_image":false,"_uag_custom_page_level_css":"","footnotes":""},"class_list":["post-110","page","type-page","status-publish","hentry"],"uagb_featured_image_src":{"full":false,"thumbnail":false,"medium":false,"medium_large":false,"large":false,"1536x1536":false,"2048x2048":false},"uagb_author_info":{"display_name":"first","author_link":"https:\/\/grants.ulbsibiu.ro\/leadtheteam\/author\/first\/"},"uagb_comment_info":0,"uagb_excerpt":"Calendarul activit\u0103\u021bilor proiectului Metodologia programelor de formare din cadrul proiectului va fi actualizat\u0103 \u00een perioada de implementare a proiectului, conform cu contextul \u0219i situa\u021bia actualizat\u0103 de la acel moment. A1: Aprilie \u2013 Mai 2025 Evaluare nivel ini\u021bial competen\u021be de leadership \u0219i management (Responsabili formare, Exper\u021bi prelucr\u0103ri statistice) A2: Aprilie \u2013 August 2025 Elaborarea \u0219i acreditarea&hellip;","_links":{"self":[{"href":"https:\/\/grants.ulbsibiu.ro\/leadtheteam\/wp-json\/wp\/v2\/pages\/110","targetHints":{"allow":["GET"]}}],"collection":[{"href":"https:\/\/grants.ulbsibiu.ro\/leadtheteam\/wp-json\/wp\/v2\/pages"}],"about":[{"href":"https:\/\/grants.ulbsibiu.ro\/leadtheteam\/wp-json\/wp\/v2\/types\/page"}],"author":[{"embeddable":true,"href":"https:\/\/grants.ulbsibiu.ro\/leadtheteam\/wp-json\/wp\/v2\/users\/1"}],"replies":[{"embeddable":true,"href":"https:\/\/grants.ulbsibiu.ro\/leadtheteam\/wp-json\/wp\/v2\/comments?post=110"}],"version-history":[{"count":24,"href":"https:\/\/grants.ulbsibiu.ro\/leadtheteam\/wp-json\/wp\/v2\/pages\/110\/revisions"}],"predecessor-version":[{"id":466,"href":"https:\/\/grants.ulbsibiu.ro\/leadtheteam\/wp-json\/wp\/v2\/pages\/110\/revisions\/466"}],"wp:attachment":[{"href":"https:\/\/grants.ulbsibiu.ro\/leadtheteam\/wp-json\/wp\/v2\/media?parent=110"}],"curies":[{"name":"wp","href":"https:\/\/api.w.org\/{rel}","templated":true}]}}

Activități

<div class="wp-block-group alignfull has-surface-background-color has-background has-global-padding is-layout-constrained wp-container-core-group-is-layout-9e43df4e wp-block-group-is-layout-constrained" style="margin-top:0;margin-bottom:0;padding-top:var(--wp--preset--spacing--medium);padding-right:var(--wp--preset--spacing--x-small);padding-bottom:var(--wp--preset--spacing--medium);padding-left:var(--wp--preset--spacing--x-small)">
<h2 class="wp-block-heading has-text-align-left animated animated-fadeInUp" style="letter-spacing:-0.03em;line-height:1.1">Calendarul activităților proiectului</h2>



<p class="has-text-align-left animated animated-fadeInUp" style="padding-bottom:var(--wp--preset--spacing--x-small)">Metodologia programelor de formare din cadrul proiectului va fi actualizată în perioada de implementare a proiectului, conform cu contextul și situația actualizată de la acel moment.</p>



<div class="wp-block-columns are-vertically-aligned-top is-layout-flex wp-container-core-columns-is-layout-d7d455e7 wp-block-columns-is-layout-flex" style="padding-top:0;padding-right:0;padding-bottom:0;padding-left:0">
<div class="wp-block-column is-vertically-aligned-top is-layout-flow wp-block-column-is-layout-flow" style="padding-top:0;padding-right:0;padding-bottom:0;padding-left:0;flex-basis:100%">
<div class="wp-block-columns are-vertically-aligned-top animated animated-fadeInUp is-layout-flex wp-container-core-columns-is-layout-1cde7d8a wp-block-columns-is-layout-flex" style="padding-top:0;padding-right:0;padding-bottom:0;padding-left:0">
<div class="wp-block-column is-vertically-aligned-top is-layout-flow wp-container-core-column-is-layout-a77db08e wp-block-column-is-layout-flow">
<div class="wp-block-columns has-background-background-color has-background is-layout-flex wp-container-core-columns-is-layout-38168066 wp-block-columns-is-layout-flex" style="border-radius:5px;padding-top:var(--wp--preset--spacing--large);padding-right:var(--wp--preset--spacing--large);padding-bottom:var(--wp--preset--spacing--large);padding-left:var(--wp--preset--spacing--large)">
<div class="wp-block-column is-layout-flow wp-container-core-column-is-layout-29333b1a wp-block-column-is-layout-flow">
<p class="has-medium-font-size" style="padding-top:var(--wp--preset--spacing--xx-small);padding-bottom:var(--wp--preset--spacing--xx-small)"><strong>A1: Aprilie – Mai 2025</strong></p>



<p class="has-medium-font-size" style="padding-top:var(--wp--preset--spacing--xx-small);padding-bottom:var(--wp--preset--spacing--xx-small);padding-left:var(--wp--preset--spacing--medium)">Evaluare nivel inițial competențe de leadership și management (Responsabili formare, Experți prelucrări statistice)</p>



<p class="has-medium-font-size" style="padding-top:var(--wp--preset--spacing--xx-small);padding-bottom:var(--wp--preset--spacing--xx-small)"><strong>A2: Aprilie – August 2025</strong></p>



<p class="has-medium-font-size" style="padding-top:var(--wp--preset--spacing--xx-small);padding-bottom:var(--wp--preset--spacing--xx-small);padding-left:var(--wp--preset--spacing--medium)">Elaborarea și acreditarea celor două programe de dezvoltare continuă în acord cu categoria și cu nivelul de competență al grupului țintă vizat (Responsabili formare, Formatori)</p>



<p class="has-medium-font-size" style="padding-top:var(--wp--preset--spacing--xx-small);padding-bottom:var(--wp--preset--spacing--xx-small)"><strong>A3: Mai 2025 – Iunie 2026</strong></p>



<p class="has-medium-font-size" style="padding-top:var(--wp--preset--spacing--xx-small);padding-bottom:var(--wp--preset--spacing--xx-small);padding-left:var(--wp--preset--spacing--medium)">Pregătirea și actualizarea materialelor necesare pentru desfășurarea activităților față în față și online asincron (Responsabili formare, Formatori)</p>



<p class="has-medium-font-size" style="padding-top:var(--wp--preset--spacing--xx-small);padding-bottom:var(--wp--preset--spacing--xx-small)"><strong>A4: Octombrie 2025 – Iulie 2026</strong></p>



<p class="has-medium-font-size" style="padding-top:var(--wp--preset--spacing--xx-small);padding-bottom:var(--wp--preset--spacing--xx-small);padding-left:var(--wp--preset--spacing--medium)">Desfășurarea programelor de formare (Formatori, Responsabili formare, Experți GT)</p>



<ul style="padding-top:var(--wp--preset--spacing--xx-small);padding-bottom:var(--wp--preset--spacing--xx-small);padding-left:var(--wp--preset--spacing--large)" class="wp-block-list has-medium-font-size">
<li><strong>S1</strong> (<strong>Octombrie – Noiembrie 2025</strong> cu evaluare finală în <strong>Decembrie 2025</strong>)</li>



<li><strong>S2</strong> (<strong>Ianuarie – Februarie 2026</strong> cu evaluare finală în <strong>Martie 2026</strong>)</li>



<li><strong>S3</strong> (<strong>Martie – Aprilie 2026</strong> cu evaluare finală în <strong>Mai 2026</strong>);</li>



<li><strong>S4</strong> (<strong>Mai &#8211; Iunie 2026</strong> cu evaluare finală în <strong>Iulie 2026</strong>);</li>
</ul>



<p class="has-medium-font-size" style="padding-top:var(--wp--preset--spacing--xx-small);padding-bottom:var(--wp--preset--spacing--xx-small)"><strong>A5: Mai 2025 – Aprilie 2026</strong></p>



<p class="has-medium-font-size" style="padding-top:var(--wp--preset--spacing--xx-small);padding-bottom:var(--wp--preset--spacing--xx-small);padding-left:var(--wp--preset--spacing--medium)">Selectare și recrutare GT (Experți GT, Responsabili formare)</p>



<p class="has-medium-font-size" style="padding-top:var(--wp--preset--spacing--xx-small);padding-bottom:var(--wp--preset--spacing--xx-small)"><strong>A6: Mai 2025 – August 2026</strong></p>



<p class="has-medium-font-size" style="padding-top:var(--wp--preset--spacing--xx-small);padding-bottom:var(--wp--preset--spacing--xx-small);padding-left:var(--wp--preset--spacing--medium)">Prelucrare date GT, eliberare certificate formare (Experți GT, Responsabili formare)</p>



<p class="has-medium-font-size" style="padding-top:var(--wp--preset--spacing--xx-small);padding-bottom:var(--wp--preset--spacing--xx-small)"><strong>A7: Aprilie 2025 – August 2026</strong></p>



<p class="has-medium-font-size" style="padding-top:var(--wp--preset--spacing--xx-small);padding-bottom:var(--wp--preset--spacing--xx-small);padding-left:var(--wp--preset--spacing--medium)">Suport tehnic în realizarea paginii web a proiectului și în implementarea activităților de formare (Experți IT)</p>



<p class="has-medium-font-size" style="padding-top:var(--wp--preset--spacing--xx-small);padding-bottom:var(--wp--preset--spacing--xx-small)"><strong>A8: Iunie 2025 – Martie 2026</strong></p>



<p class="has-medium-font-size" style="padding-top:var(--wp--preset--spacing--xx-small);padding-bottom:var(--wp--preset--spacing--xx-small);padding-left:var(--wp--preset--spacing--medium)">Organizarea si desfasurarea unei conferinte internationale (sesiuni de formare, mese rotunde, ateliere de lucru) (Responsabili formare, Formatori)</p>
</div>
</div>
</div>
</div>
</div>
</div>



<p>Durata propusa pentru implementarea Proiectului este de 17 luni pana la data de 31.08.2026 (pentru indeplinirea tintei 507), cu posibilitate de prelungire conform prevederilor legale.</p>
</div>



<div class="wp-block-group animated animated-fadeInUp has-global-padding is-layout-constrained wp-block-group-is-layout-constrained">
<h5 class="wp-block-heading has-text-align-center" style="letter-spacing:-0.04em;line-height:1.1">Parteneri</h5>



<div class="wp-block-group is-style-default is-content-justification-center is-nowrap is-layout-flex wp-container-core-group-is-layout-b1fbc409 wp-block-group-is-layout-flex" style="padding-top:var(--wp--preset--spacing--small);padding-bottom:var(--wp--preset--spacing--small)">
<figure class="wp-block-image size-full is-resized"><a href="https://www.ulbsibiu.ro" target="_blank" rel=" noreferrer noopener"><img loading="lazy" decoding="async" width="1182" height="353" src="https://grants.ulbsibiu.ro/leadtheteam/wp-content/uploads/2025/08/logo_ulbs.png" alt="" class="wp-image-27" style="width:auto;height:50px"/></a></figure>



<figure class="wp-block-image size-full is-resized"><img decoding="async" src="https://grants.ulbsibiu.ro/leadtheteam/wp-content/uploads/2025/08/ccd_bn.png" alt="" class="wp-image-201" style="width:auto;height:50px"/></figure>



<figure class="wp-block-image size-full is-resized"><img loading="lazy" decoding="async" width="359" height="70" src="https://grants.ulbsibiu.ro/leadtheteam/wp-content/uploads/2025/08/ccd_braila.jpg" alt="" class="wp-image-203" style="width:auto;height:50px"/></figure>
</div>
</div>

<p>Calendarul activităților proiectului Metodologia programelor de formare din cadrul proiectului va fi actualizată în perioada de implementare a proiectului, conform cu contextul și situația actualizată de la acel moment. A1: Aprilie – Mai 2025 Evaluare nivel inițial competențe de leadership și management (Responsabili formare, Experți prelucrări statistice) A2: Aprilie – August 2025 Elaborarea și acreditarea [&hellip;]</p>

Calendarul activităților proiectului Metodologia programelor de formare din cadrul proiectului va fi actualizată în perioada de implementare a proiectului, conform cu contextul și situația actualizată de la acel moment. A1: Aprilie – Mai 2025 Evaluare nivel inițial competențe de leadership și management (Responsabili formare, Experți prelucrări statistice) A2: Aprilie – August 2025 Elaborarea și acreditarea&hellip;
