{"id":2,"date":"2024-11-09T09:38:49","date_gmt":"2024-11-09T09:38:49","guid":{"rendered":"https:\/\/grants.ulbsibiu.ro\/ldc\/?page_id=2"},"modified":"2024-12-09T22:29:35","modified_gmt":"2024-12-09T22:29:35","slug":"sample-page","status":"publish","type":"page","link":"https:\/\/grants.ulbsibiu.ro\/ldc\/","title":{"rendered":"Homepage"},"content":{"rendered":"\r\n<p><strong>PN-IV-P8-8.1-PRE-HE-ORG-2023-0152, Contract nr: 53PHE din 03\/01\/2024<\/strong><\/p>\r\n\r\n\r\n\r\n<p style=\"text-align: justify;\">Proiectul propune \u00eenfiin\u021barea \u0219i opera\u021bionalizarea unui <em>Laborator de dezvoltare comunitar\u0103<\/em> (LDC) care s\u0103 func\u021bioneze \u00een cadrul Centrului pentru Cercetare Social\u0103, contribuind astfel la dezvoltarea institu\u021bional\u0103 a Universit\u0103\u021bii Lucian Blaga din Sibiu (ULBS). Pentru a asigura un caracter interdisciplinar, LDC va include cercet\u0103tori care fac parte din Centrul pentru Cercetare Social\u0103 \u0219i al\u021bi cercet\u0103tori din cadrul ULBS care au expertiz\u0103 sau vor s\u0103 se perfec\u021bioneze \u00een domeniul dezvolt\u0103rii comunitare. Echipa de cercet\u0103tori va colabora cu actori institu\u021bionali din mediul socio-economic (reprezentan\u021bi ai unor institu\u021bii publice, companii private, ONG-uri, funda\u021bii etc.)\u00a0 pentru a construi \u0219i implementa o strategie de dezvoltare a LDCbazat\u0103 pe expertiza cercet\u0103torilor implica\u021bi \u0219i pe nevoile de cercetare aplicat\u0103 identificate. Acesta va avea acces la dot\u0103rile \u0219i echipamentele Centrului pentru cercetare social\u0103. Perioada de implementare a proiectului este de 36 luni (respectiv 01.01.2024 \u2013 31.12.2026).<\/p>\r\n\r\n\r\n\r\n<p>&nbsp;<\/p>\r\n","protected":false},"excerpt":{"rendered":"<p>PN-IV-P8-8.1-PRE-HE-ORG-2023-0152, Contract nr: 53PHE din 03\/01\/2024 Proiectul propune \u00eenfiin\u021barea \u0219i opera\u021bionalizarea unui Laborator de dezvoltare comunitar\u0103 (LDC) care s\u0103 func\u021bioneze \u00een cadrul Centrului pentru Cercetare<\/p>\n","protected":false},"author":1,"featured_media":0,"parent":0,"menu_order":0,"comment_status":"closed","ping_status":"open","template":"","meta":{"_bbp_topic_count":0,"_bbp_reply_count":0,"_bbp_total_topic_count":0,"_bbp_total_reply_count":0,"_bbp_voice_count":0,"_bbp_anonymous_reply_count":0,"_bbp_topic_count_hidden":0,"_bbp_reply_count_hidden":0,"_bbp_forum_subforum_count":0,"footnotes":""},"class_list":["post-2","page","type-page","status-publish","hentry"],"_links":{"self":[{"href":"https:\/\/grants.ulbsibiu.ro\/ldc\/wp-json\/wp\/v2\/pages\/2"}],"collection":[{"href":"https:\/\/grants.ulbsibiu.ro\/ldc\/wp-json\/wp\/v2\/pages"}],"about":[{"href":"https:\/\/grants.ulbsibiu.ro\/ldc\/wp-json\/wp\/v2\/types\/page"}],"author":[{"embeddable":true,"href":"https:\/\/grants.ulbsibiu.ro\/ldc\/wp-json\/wp\/v2\/users\/1"}],"replies":[{"embeddable":true,"href":"https:\/\/grants.ulbsibiu.ro\/ldc\/wp-json\/wp\/v2\/comments?post=2"}],"version-history":[{"count":9,"href":"https:\/\/grants.ulbsibiu.ro\/ldc\/wp-json\/wp\/v2\/pages\/2\/revisions"}],"predecessor-version":[{"id":61,"href":"https:\/\/grants.ulbsibiu.ro\/ldc\/wp-json\/wp\/v2\/pages\/2\/revisions\/61"}],"wp:attachment":[{"href":"https:\/\/grants.ulbsibiu.ro\/ldc\/wp-json\/wp\/v2\/media?parent=2"}],"curies":[{"name":"wp","href":"https:\/\/api.w.org\/{rel}","templated":true}]}}