{"id":358,"date":"2023-11-21T19:09:34","date_gmt":"2023-11-21T19:09:34","guid":{"rendered":"https:\/\/grants.ulbsibiu.ro\/cocerc\/?page_id=358"},"modified":"2025-04-07T08:36:22","modified_gmt":"2025-04-07T08:36:22","slug":"rezultate","status":"publish","type":"page","link":"https:\/\/grants.ulbsibiu.ro\/cocerc\/rezultate\/","title":{"rendered":"Anchete \u0219i studii"},"content":{"rendered":"\n<p>Centrul de orientare \u00een cariera de cercet\u0103tor \u2013 Regiunea Centru (COCerc) din cadrul Universit\u0103\u021bii \u201eLucian Blaga\u201d din Sibiu (ULBS), furnizorul desemnat de servicii de consiliere \u0219i orientare profesional\u0103 \u00een regiune, realizeaz\u0103 periodic cercet\u0103ri privind percep\u021bia asupra carierei \u0219i nevoile cercet\u0103torilor din regiune. Datele colectate sunt folosite pentru a modela con\u021binuturile serviciilor gratuite de consiliere, orientare \u0219i formare profesional\u0103 pe care CoCerc le pune la dispozi\u021bia cercet\u0103torilor.<\/p>\n\n\n\n<p><\/p>\n\n\n\n<h3 class=\"wp-block-heading\">Anchet\u0103 sociologic\u0103 privind nevoile cercet\u0103torilor din Regiunea Centru 2024<\/h3>\n\n\n\n<p>Perioada de culegere a datelor: iunie &#8211; octombrie 2024<\/p>\n\n\n\n<p>Instrumentul de cercetare este disponibil aici<\/p>\n\n\n\n<p>Rezultatele sunt disponibile aici<\/p>\n\n\n\n<h3 class=\"wp-block-heading\">Anchet\u0103 sociologic\u0103 privind nevoile cercet\u0103torilor din Regiunea Centru 2025-2026<\/h3>\n\n\n\n<p>Perioada estimat\u0103 de culegere a datelor: decembrie 2025 -februarie 2026<\/p>\n","protected":false},"excerpt":{"rendered":"<p>Centrul de orientare \u00een cariera de cercet\u0103tor \u2013 Regiunea Centru (COCerc) din cadrul Universit\u0103\u021bii \u201eLucian Blaga\u201d din Sibiu (ULBS), furnizorul desemnat de servicii de consiliere \u0219i orientare profesional\u0103 \u00een regiune, [&hellip;]<\/p>\n","protected":false},"author":1,"featured_media":0,"parent":0,"menu_order":0,"comment_status":"closed","ping_status":"closed","template":"","meta":{"footnotes":""},"_links":{"self":[{"href":"https:\/\/grants.ulbsibiu.ro\/cocerc\/wp-json\/wp\/v2\/pages\/358"}],"collection":[{"href":"https:\/\/grants.ulbsibiu.ro\/cocerc\/wp-json\/wp\/v2\/pages"}],"about":[{"href":"https:\/\/grants.ulbsibiu.ro\/cocerc\/wp-json\/wp\/v2\/types\/page"}],"author":[{"embeddable":true,"href":"https:\/\/grants.ulbsibiu.ro\/cocerc\/wp-json\/wp\/v2\/users\/1"}],"replies":[{"embeddable":true,"href":"https:\/\/grants.ulbsibiu.ro\/cocerc\/wp-json\/wp\/v2\/comments?post=358"}],"version-history":[{"count":5,"href":"https:\/\/grants.ulbsibiu.ro\/cocerc\/wp-json\/wp\/v2\/pages\/358\/revisions"}],"predecessor-version":[{"id":608,"href":"https:\/\/grants.ulbsibiu.ro\/cocerc\/wp-json\/wp\/v2\/pages\/358\/revisions\/608"}],"wp:attachment":[{"href":"https:\/\/grants.ulbsibiu.ro\/cocerc\/wp-json\/wp\/v2\/media?parent=358"}],"curies":[{"name":"wp","href":"https:\/\/api.w.org\/{rel}","templated":true}]}}