{"id":47,"date":"2025-11-09T21:38:06","date_gmt":"2025-11-09T19:38:06","guid":{"rendered":"https:\/\/grants.ulbsibiu.ro\/ascrm\/?page_id=47"},"modified":"2025-11-12T12:39:30","modified_gmt":"2025-11-12T10:39:30","slug":"team","status":"publish","type":"page","link":"https:\/\/grants.ulbsibiu.ro\/ascrm\/team\/","title":{"rendered":"Team"},"content":{"rendered":"\n<div class=\"wp-block-columns is-layout-flex wp-container-core-columns-is-layout-28f84493 wp-block-columns-is-layout-flex\">\n<div class=\"wp-block-column is-layout-flow wp-block-column-is-layout-flow\">\n<p class=\"has-text-align-center has-medium-font-size\"><strong>UNIVERSITATEA &#8220;LUCIAN BLAGA&#8221; DIN SIBIU<\/strong><\/p>\n\n\n\n<p class=\"has-text-align-center has-medium-font-size\"><a href=\"https:\/\/sites.google.com\/a\/ulbsibiu.ro\/horatiu-rusu\/\" data-type=\"link\" data-id=\"https:\/\/sites.google.com\/a\/ulbsibiu.ro\/horatiu-rusu\/\">Hora\u0163iu M. RUSU<\/a><\/p>\n\n\n\n<p class=\"has-text-align-center has-medium-font-size\"><a href=\"https:\/\/sites.google.com\/site\/bogdanvoicu456\" data-type=\"link\" data-id=\"https:\/\/sites.google.com\/site\/bogdanvoicu456\">Bogdan VOICU<\/a><\/p>\n\n\n\n<p class=\"has-text-align-center has-medium-font-size\"><a href=\"https:\/\/profile.ulbsibiu.ro\/ro\/cadru-didactic\/livia-dana-pogan\/\" data-type=\"link\" data-id=\"https:\/\/profile.ulbsibiu.ro\/ro\/cadru-didactic\/livia-dana-pogan\/\">Livia POGAN<\/a><\/p>\n\n\n\n<p class=\"has-text-align-center has-medium-font-size\"><a href=\"https:\/\/profile.ulbsibiu.ro\/ro\/cadru-didactic\/bianca-madalina-popa\/\" data-type=\"link\" data-id=\"https:\/\/profile.ulbsibiu.ro\/ro\/cadru-didactic\/bianca-madalina-popa\/\">Bianca M\u0103d\u0103lina POPA<\/a><\/p>\n<\/div>\n\n\n\n<div class=\"wp-block-column is-layout-flow wp-block-column-is-layout-flow\">\n<p class=\"has-text-align-center has-medium-font-size\"><strong>UNIVERSITATEA DE STAT DIN MOLDOVA<\/strong><\/p>\n\n\n\n<p class=\"has-text-align-center has-medium-font-size\">Tatiana SP\u0102TARU<\/p>\n\n\n\n<p class=\"has-text-align-center has-medium-font-size\">Angela MOCANU<\/p>\n\n\n\n<p class=\"has-text-align-center has-medium-font-size\">Vladimir STERPU<\/p>\n\n\n\n<p class=\"has-text-align-center has-medium-font-size\">Denis CO\u0162OFAN<\/p>\n<\/div>\n<\/div>\n","protected":false},"excerpt":{"rendered":"<p>UNIVERSITATEA &#8220;LUCIAN BLAGA&#8221; DIN SIBIU Hora\u0163iu M. RUSU Bogdan VOICU Livia POGAN Bianca M\u0103d\u0103lina POPA UNIVERSITATEA DE STAT DIN MOLDOVA Tatiana SP\u0102TARU Angela MOCANU Vladimir STERPU Denis CO\u0162OFAN<\/p>\n","protected":false},"author":2,"featured_media":0,"parent":0,"menu_order":0,"comment_status":"closed","ping_status":"closed","template":"","meta":{"zakra_page_container_layout":"customizer","zakra_page_sidebar_layout":"customizer","zakra_remove_content_margin":false,"zakra_sidebar":"customizer","zakra_transparent_header":"customizer","zakra_logo":0,"zakra_main_header_style":"default","zakra_menu_item_color":"","zakra_menu_item_hover_color":"","zakra_menu_item_active_color":"","zakra_menu_active_style":"","zakra_page_header":true,"footnotes":""},"class_list":["post-47","page","type-page","status-publish","hentry"],"_links":{"self":[{"href":"https:\/\/grants.ulbsibiu.ro\/ascrm\/wp-json\/wp\/v2\/pages\/47","targetHints":{"allow":["GET"]}}],"collection":[{"href":"https:\/\/grants.ulbsibiu.ro\/ascrm\/wp-json\/wp\/v2\/pages"}],"about":[{"href":"https:\/\/grants.ulbsibiu.ro\/ascrm\/wp-json\/wp\/v2\/types\/page"}],"author":[{"embeddable":true,"href":"https:\/\/grants.ulbsibiu.ro\/ascrm\/wp-json\/wp\/v2\/users\/2"}],"replies":[{"embeddable":true,"href":"https:\/\/grants.ulbsibiu.ro\/ascrm\/wp-json\/wp\/v2\/comments?post=47"}],"version-history":[{"count":9,"href":"https:\/\/grants.ulbsibiu.ro\/ascrm\/wp-json\/wp\/v2\/pages\/47\/revisions"}],"predecessor-version":[{"id":239,"href":"https:\/\/grants.ulbsibiu.ro\/ascrm\/wp-json\/wp\/v2\/pages\/47\/revisions\/239"}],"wp:attachment":[{"href":"https:\/\/grants.ulbsibiu.ro\/ascrm\/wp-json\/wp\/v2\/media?parent=47"}],"curies":[{"name":"wp","href":"https:\/\/api.w.org\/{rel}","templated":true}]}}